(-66)?
16
Let v(r) = r**3 - 79*r**2 - 1373*r + 541. What is v(-15)?
-14
Let x(m) = -27329*m - 3525448. What is x(-129)?
-7
Let x(t) = -30*t**2 + 162*t + 1208. Determine x(10).
-172
Let w(v) = -v**2 + 779*v - 26822. Determine w(34).
-1492
Let l(q) = 6*q**2 - 160*q + 925. Determine l(6).
181
Let r(x) = -x**3 + 15*x**2 + 506*x + 198. Determine r(32).
-1018
Let l(t) = 289*t**2 + 7350*t + 3088. What is l(-25)?
-37
Let f(k) = -1857*k - 27844. What is f(-15)?
11
Let t(a) = 2554*a + 1910386. Calculate t(-748).
-6
Let f(v) = -2*v**3 + 21*v**2 + 1343*v - 12187. Determine f(9).
143
Let d(a) = a**3 + 5*a**2 + 85*a + 333. Give d(-4).
9
Let p(q) = 14*q**3 + 42*q**2 + 58*q - 48. Determine p(-2).
-108
Let f(r) = 26368*r + 342775. Calculate f(-13).
-9
Let m(t) = 9*t**3 - 5*t**2 - 23*t - 13. What is m(-5)?
-1148
Let r(a) = -96*a**2 - 6076*a - 24311. Calculate r(-59).
-3
Let q(p) = -p**3 - 11*p**2 - 14*p - 634. Calculate q(-11).
-480
Let u(k) = k**3 - 19*k**2 + 111*k - 1200. Give u(17).
109
Let f(u) = -u**3 + 60*u**2 + 16*u + 15394. Calculate f(64).
34
Let f(m) = -2*m**2 + 166*m + 11507. Determine f(-45).
-13
Let g(k) = 36*k**2 - 178*k - 561. Calculate g(-3).
297
Let u(i) = 8980*i**2 - 278379*i - 30. Give u(31).
1
Let i(d) = -1422*d - 311452. What is i(-219)?
-34
Let p(s) = 2*s**3 + 157*s**2 - 1299*s - 604. Determine p(-86).
170
Let j(z) = z**3 - 115*z**2 + 1167*z + 6. Determine j(12).
-822
Let p(l) = -12141*l + 7066066. Determine p(582).
4
Let b(h) = -58874*h + 2472703. Calculate b(42).
-5
Let q(x) = -4*x - 538. Calculate q(-67).
-270
Let q(x) = -19*x**3 + 2082*x**2 - 9136*x + 89. Determine q(105).
-16
Let x(o) = -o**3 + 1054*o**2 - 1048*o - 5271. What is x(1053)?
-6
Let f(l) = -1573*l - 146278. Determine f(-93).
11
Let r(w) = -2*w**2 - 769*w + 165855. Determine r(154).
-3
Let n(y) = -3*y**2 - 5927*y + 23744. Calculate n(4).
-12
Let v(p) = -254*p + 7980. Calculate v(32).
-148
Let h(o) = -7*o**2 - 264*o + 242. Give h(-41).
-701
Let v(w) = w**3 - 130*w**2 - 333*w + 43299. Give v(130).
9
Let b(m) = -m**3 - 19*m**2 - 88*m - 87. What is b(-6)?
-27
Let a(w) = -w**3 + 81*w**2 + 157*w + 570. Give a(83).
-177
Let a(j) = -7526*j**2 - 466613*j - 53. Calculate a(-62).
9
Let h(y) = -2*y**2 + 314*y - 4533. Determine h(141).
-21
Let h(k) = -k**3 - 24*k**2 - 74*k - 10. Give h(-3).
23
Let t(c) = 3*c**3 + 53*c**2 + 1039*c + 7233. What is t(-9)?
-12
Let a(g) = 4*g**3 - 661*g**2 - 1148*g - 3520. What is a(167)?
-13
Let q(b) = -b**2 - 317*b - 13390. What is q(-57)?
1430
Let m(f) = f**3 + 229*f**2 + 1543*f - 2537. Calculate m(-222).
-95
Let p(x) = -202*x**2 - 23241*x - 1270. Give p(-115).
-5
Let p(s) = -s**2 - 910*s + 196264. Give p(180).
64
Let s(y) = y**2 - 31250*y - 406093. Determine s(-13).
326
Let x(c) = c**2 + 29676*c - 712888. Determine x(24).
-88
Let n(u) = -3*u**2 + 1596*u - 53553. What is n(36)?
15
Let m(d) = -d**3 - 129*d**2 - 1352*d + 467. What is m(-12)?
-157
Let c(k) = k**2 + 5286*k + 120852. What is c(-23)?
-197
Let f(w) = -14*w**2 + 78*w - 225. What is f(7)?
-365
Let j(l) = -723*l + 19167. Determine j(25).
1092
Let w(d) = d**3 + 836*d**2 + 18693*d - 150. Give w(-23).
-12
Let t(p) = -52*p**2 - 359*p - 7. Determine t(-4).
597
Let m(j) = 18448*j - 350504. What is m(19)?
8
Let d(u) = -175*u**2 + 1923*u - 14. What is d(11)?
-36
Let r(g) = -26*g**2 - 1941*g - 16306. Determine r(-65).
9
Let k(z) = -z**3 + 31*z**2 - 7*z - 4216. What is k(22)?
-14
Let l(k) = -10*k**2 + 868*k - 14204. Give l(64).
388
Let d(p) = 982*p - 205266. Calculate d(209).
-28
Let t(m) = 1575*m + 324451. Calculate t(-206).
1
Let f(y) = 14090*y - 112715. What is f(8)?
5
Let h(j) = 9*j**2 + 75*j + 260. What is h(-5)?
110
Let q(x) = x**2 - 567*x - 25137. Determine q(-44).
1747
Let g(m) = 6*m**2 - 8435*m + 620204. Give g(1328).
28
Let q(l) = 5*l**2 - 1135*l - 122795. Determine q(307).
5
Let v(j) = 196*j + 11049. What is v(-53)?
661
Let q(t) = -12*t**2 + 225592*t - 1353119. Calculate q(6).
1
Let c(w) = 1420*w + 59727. What is c(-42)?
87
Let t(h) = h**3 - 4621*h**2 + 187774*h + 252. What is t(41)?
6
Let p(w) = -764*w**3 - 67*w**2 + 68*w - 1. Calculate p(1).
-764
Let c(j) = -9*j**3 - 2604*j**2 - 1508*j - 185262. Determine c(-289).
-13
Let i(g) = -g**3 - 74*g**2 - 1099*g - 332. What is i(-53)?
-1074
Let o(y) = 58*y + 220. Determine o(-30).
-1520
Let f(z) = -z**2 - 5599*z - 44714. Give f(-8).
14
Let o(z) = 27376*z + 410812. Give o(-15).
172
Let n(d) = d**2 - 58592*d + 2225136. Calculate n(38).
84
Let m(x) = -2*x**3 - 253*x**2 - 375*x - 178. Calculate m(-125).
-178
Let f(i) = -10*i**3 - 30*i**2 + 1423*i + 2852. Calculate f(-2).
-34
Let s(p) = -1554*p + 9320. What is s(6)?
-4
Let s(a) = 8*a**2 - 645*a + 6757. Calculate s(12).
169
Let h(w) = -w**3 - 635*w**2 - 19875*w - 284. Give h(-33).
13
Let f(g) = 112*g**2 + 2606*g - 14. Calculate f(-23).
-704
Let p(q) = 1639*q + 10057. Calculate p(-6).
223
Let x(r) = 2241*r - 13356. Give x(6).
90
Let r(f) = 106*f**2 + 104*f + 112. What is r(-3)?
754
Let h(j) = -60*j**2 - 812*j + 25. Calculate h(0).
25
Let b(p) = -63059*p - 819760. What is b(-13)?
7
Let f(o) = o**3 - 75*o**2 + 73*o - 5647. Determine f(75).
-172
Let o(a) = a**3 - 147*a**2 - 1082*a + 616. Give o(154).
0
Let u(k) = -k**3 - 64*k**2 - 133*k + 888. Calculate u(-62).
1446
Let c(a) = -94828*a - 948252. Calculate c(-10).
28
Let n(l) = -5*l**3 + 9103*l**2 - 23637*l + 5469. Calculate n(1818).
15
Let y(f) = 2*f**3 + 555*f**2 + 2448*f - 2462. Give y(-273).
-5
Let c(b) = 113*b**2 - 3298*b + 63. Determine c(29).
-546
Let u(o) = -550*o**3 - 2760*o**2 - 19*o + 11. Calculate u(-5).
-144
Let u(w) = w**2 + 1576*w - 545468. What is u(292)?
-12
Let b(d) = 14205*d + 2343823. What is b(-165)?
-2
Let k(x) = x**3 - 309*x**2 + 26*x - 8036. Give k(309).
-2
Let f(k) = k**3 + 109*k**2 - 456*k - 1432. Determine f(-113).
-980
Let w(z) = -3997076*z + 27979538. Give w(7).
6
Let q(p) = -1436*p - 133725. Calculate q(-93).
-177
Let x(p) = p**3 - 33*p**2 + 7750*p + 12. Give x(0).
12
Let i(c) = -c**3 - 19*c**2 + 47*c - 115. Give i(-22).
303
Let i(k) = -8*k**2 + 258*k + 3384. Give i(42).
108
Let v(p) = 2*p**2 - 863*p - 15242. Calculate v(-17).
7
Let t(n) = -n**2 + 367. Calculate t(-35).
-858
Let s(l) = 4*l**2 + 377*l - 3738. Calculate s(9).
-21
Let f(d) = 63666*d + 127308. What is f(-2)?
-24
Let g(u) = -5*u**2 - 646*u - 3732. What is g(-6)?
-36
Let t(o) = -o**3 - 459*o**2 - 1944*o + 1640. What is t(-5)?
10
Let z(t) = t**2 + 151*t - 81592. Calculate z(-371).
28
Let r(y) = 50718*y + 608763. Calculate r(-12).
147
Let l(y) = y**3 - 1471*y**2 + 4398*y + 8806. Calculate l(1468).
-2
Let o(h) = 2*h**2 - 1237*h - 105578. Determine o(-76).
-14
Let f(h) = h**2 + 581*h - 18263. What is f(30)?
67
Let g(x) = -323*x - 15799. What is g(-49)?
28
Let z(w) = 116*w - 1241. Determine z(12).
151
Let h(p) = -30*p**3 + 240*p**2 - 6*p - 77. What is h(8)?
-125
Let b(g) = 3955*g + 75731. Determine b(-19).
586
Let w(k) = -2*k**3 + 2*k**2 - 178*k + 923. Give w(5).
-167
Let y(o) = -113707*o + 1819347. Calculate y(16).
35
Let n(p) = -6299*p - 2872333. What is n(-456)?
11
Let g(n) = 1841*n - 552314. Calculate g(300).
-14
Let q(a) = -a**2 - 3186*a + 19113. Determine q(6).
-39
Let b(p) = -p**3 - 46*p**2 - 213*p - 1871. What is b(-42)?
19
Let r(m) = 700*m - 16875. What is r(29)?
3425
Let g(q) = q**2 - 31920*q + 255301. Determine g(8).
5
Let o(w) = -11*w + 1687. Give o(182).
-315
Let u(t) = 249*t - 36232. Determine u(145).
-127
Let c(m) = 10623*m + 84728. Determine c(-8).
-256
Let z(c) = -12*c**3 - 59*c**2 - 355*c - 19. Give z(-6).
2579
Let i(b) = 51*b**2 - 366*b - 13. What is i(6)?
-373
Let j(b) = 1683*b + 1036726. What is j(-616)?
-2
Let z(w) = 935422*w - 935439. Determine z(1).
-17
Let n(c) = c**3 + 204*c**2 + 2102*c + 180948. Determine n(-198).
-24
Let p(k) = 7921*k + 261371. Calculate p(-33).
-22
Let r(u) = -1307*u + 218273. What is r(167)?
4
Let q(l) = -114*l**2 - 9939*l + 120829. Calculate q(-98).
-5
Let r(q) = 2*q**3 + 194*q**2 + 2974*q + 913. Calculate r(-78).
133
Let f(d) = -9662*d + 38660. What is f(4)?
12
Let n(r) = -r**2 + 4260*r - 293336. Give n(70).
-36
Let m(k) = -71370*k - 8992629. Give m(-126).
-9
Let d(r) = -24039*r + 480783. Calculate d(20).
3
Let z(o) = 8*o**2 + 220*o + 31. Calculate z(-8).
-1217
Let o(u) = 24*u**2 - 17208*u + 17222. Give o(716).
38
Let z(p) = -